= -v - 3. Let j be m(-5). Suppose -4*u + 70 = 3*f - 0*f, 100 = 4*f + 2*u. Suppose -2 = j*n - f. Calculate the highest common factor of n and 132.
12
Let g be 28 + 3 - 4 - -5. Calculate the highest common divisor of 16 and g.
16
Let d be (-7)/(-35) - (-1199)/5. What is the greatest common factor of d and 48?
48
Let n be ((-63)/2)/(-7)*2. Calculate the greatest common divisor of n and 9.
9
Let t = 574 - 409. Calculate the greatest common factor of 15 and t.
15
Let y(h) be the third derivative of h**4/24 + 11*h**3/6 + 8*h**2. Let i be y(-10). Calculate the highest common divisor of i and 1.
1
Let x be (-94)/((5 + -1)*(-2)/4). What is the highest common divisor of 141 and x?
47
Let x be (56/3)/(-7)*-6. Calculate the greatest common factor of x and 32.
16
Let k be (2 + -1)*-1*-3. Suppose k*p - 28 = 2*p. What is the greatest common factor of 7 and p?
7
Let w(b) = 10*b - 2*b + 0*b + 9 + b**2. Let j be w(-7). Suppose 2*i - 3*f = 43, -7*i - f + 133 = -j*i. Calculate the greatest common factor of i and 39.
13
Suppose 0 = 4*l - 5*l. Let t be l + 6 + 2/2. Let r be 1*(2*14 + 0). What is the greatest common factor of r and t?
7
Suppose -4 = -2*c - 2. Let y(f) = 11*f - 1. Let z be y(c). Calculate the greatest common factor of 4 and z.
2
Suppose 2*i = 61 + 27. Calculate the highest common divisor of 11 and i.
11
Let n(o) = -o**3 + 7*o**2 - 7*o + 8. Let c be n(6). Suppose l - 19 = g, -4*l - c*g - 2*g = -44. Calculate the greatest common divisor of l and 30.
15
Let x be 2*2/(8/62). Let v(n) = -2*n + 5. Let o be v(-5). Let d = x - o. What is the greatest common divisor of 2 and d?
2
Let r = -96 + 70. Suppose -2*n + 5*a = -7*n + 240, -116 = -3*n + 4*a. Let q = n + r. What is the greatest common divisor of q and 18?
18
Let c = -72 + 75. What is the greatest common factor of 15 and c?
3
Let q(a) = -23*a - 3. Let j be q(-4). Let i = -29 + j. Calculate the greatest common factor of i and 15.
15
Let t(v) = v**3 + 8*v**2 + 5*v - 2. Let o be t(-3). What is the highest common factor of 140 and o?
28
Suppose 0 = 2*k - 3*k + 4. Let y(f) = -f**3 + 6*f**2 - 5*f - 4. Let i be y(k). Calculate the greatest common divisor of 72 and i.
8
Let o(r) = r**3 - 4*r**2 - 4*r - 2. Let w be o(5). Let z be (2/w)/(6/18). Suppose c - 2*c - 2*n = -13, 2*n = z. Calculate the highest common factor of c and 33.
11
Let f(o) = 3*o**2 + 5*o - 1. Let t be f(-4). Let i(c) = -c**2 - 5*c + 3. Let p = 4 + -7. Let a be i(p). Calculate the greatest common factor of t and a.
9
Suppose 2*z + 3*j - 5 = 0, 5*z - 40 = -0*z - 2*j. Suppose -2*n = -3*n + z. What is the greatest common divisor of n and 2?
2
Suppose 2*c - 4*l - 118 = -8*l, l - 250 = -4*c. Calculate the highest common factor of 189 and c.
63
Suppose 47 = 4*x - 41. Let h be 66*-1*1/(-2). Calculate the highest common divisor of x and h.
11
Suppose -5*r - 27 = 18. Let m be 6/2*(-60)/r. What is the greatest common divisor of m and 10?
10
Suppose 6*s - 9*s + 12 = 0. Suppose 0 = -3*r - 4*f + 23, -3*r + s*f = -2*r - 29. Calculate the highest common factor of 143 and r.
13
Suppose 5 = 2*i - 7*i. Let u be (-3 + i)*(-25)/20. Let a = 22 - u. Calculate the highest common factor of 187 and a.
17
Suppose 7 + 5 = 5*w + 4*v, 3*w - 3*v = 18. Suppose s = -4*s + 5*l + 145, w*l + 86 = 3*s. Suppose -c = 8 - s. What is the highest common divisor of c and 2?
2
Suppose -3*g = -15, -g + 46 = -5*w + 231. Suppose w = 2*m - 58. What is the highest common divisor of m and 6?
6
Suppose 11*d - 12*d + 6 = 0. What is the highest common divisor of d and 48?
6
Let k = -18 + 98. What is the greatest common factor of 20 and k?
20
Let d(o) be the third derivative of o**6/120 + o**5/12 - o**4/4 - 5*o**3/6 - 7*o**2. Let m be d(-5). What is the greatest common divisor of 75 and m?
25
Let a be 116/(2 + 0) + -2. What is the greatest common factor of a and 14?
14
Let p(b) = -b**3 + 5*b**2 + 6. Let u be p(5). Calculate the highest common factor of u and 6.
6
Let z be 154 - (2/1 + -2). Suppose 2*p + 3*p - 10 = 0. Suppose -2*u + p = -26. What is the highest common factor of u and z?
14
Suppose 2*g + 32 = 5*d, 12 = 4*d + g - 11. What is the highest common factor of 54 and d?
6
Suppose -3*b = 0, -2*b + 190 = 2*m - 7*b. Suppose 2*w = 4*w - 62. Suppose w = 3*p - 26. What is the greatest common factor of m and p?
19
Let n(y) = -6*y**3 - y**2 - 2*y - 4. Let s be n(-2). What is the highest common divisor of s and 11?
11
Suppose 7*b - 1 - 209 = 0. Calculate the greatest common factor of 120 and b.
30
Suppose 2*z = -5*q - 0*q + 22, 0 = -q + 2*z + 14. Let m be (-4)/(-6) + 140/6. What is the greatest common factor of m and q?
6
Let f(y) = -47*y - 1. Let u be f(1). Let k = -30 - u. What is the highest common factor of k and 36?
18
Let q = -287 + 59. Let c = -111 - q. Calculate the greatest common divisor of c and 13.
13
Let j = 218 + -134. What is the greatest common factor of j and 36?
12
Suppose -5*w = -c - c + 55, 5*c - 94 = -2*w. What is the greatest common factor of 140 and c?
20
Suppose -5*u = -3*u. Suppose f - 5*f + 476 = u. Calculate the highest common factor of f and 17.
17
Let r = -33 + 85. What is the greatest common factor of 4 and r?
4
Let h(q) = 2*q**3 - 4*q**2 + 3*q + 3. Let p(r) = -r**2. Let g(u) = -h(u) + 5*p(u). Let l be g(-4). What is the highest common factor of l and 11?
11
Let q be 3*(-6)/9 - -4. Suppose -4*u = -q*u - 6. Suppose 3*h = -2*k + 86, 4*h - 117 = -u*k - 2*k. Calculate the greatest common divisor of h and 4.
4
Suppose 0 = p + p - 3*b - 144, 4*b + 72 = p. What is the highest common divisor of 9 and p?
9
Suppose u + 64 = 5*u. Suppose 0 = -0*p - 2*p + 10. Suppose a + 3*c = 42, a + 0*a + p*c = 38. What is the highest common factor of u and a?
16
Suppose 3*t - 5*t + 5*r = -15, 5*r + 25 = 4*t. Let u(a) = a**3 + a**2 + 8*a - 3. Let y be u(t). What is the greatest common factor of 17 and y?
17
Suppose 0 = -113*u + 117*u - 132. What is the greatest common divisor of 3 and u?
3
Suppose 0 = 3*j - 19 + 4, -2*j = -h + 67. Suppose -12 = -3*n + 21. What is the greatest common divisor of h and n?
11
Let a be (-2)/(-7) + 16/(-56). Let d be (20 - (0 - a)) + 0. Calculate the highest common factor of d and 50.
10
Let x be 152/24 - 2/(-3). Let f = -2 + x. Calculate the highest common factor of f and 40.
5
Suppose -5*d + 15 = -5*p - 0*p, 3*p = 2*d - 4. Let j = -10 + 8. Let x be 228/14 - j/(-7). What is the highest common factor of x and p?
2
Let j be (-3 + 23)/(0 - -1). What is the greatest common divisor of 80 and j?
20
Let j be 1/2*(0 + 0). Let q = 1 - j. Suppose p = -5*t + q, 20 = -2*p - 3*p. Calculate the highest common divisor of 1 and t.
1
Let b(h) = h**2 + 5*h. Let p be b(-6). What is the highest common divisor of p and 12?
6
Suppose -5*b = 2*y - 51 - 332, -73 = -b - 4*y. What is the highest common divisor of 7 and b?
7
Suppose 3*i = 8 + 4. Suppose 5*x = -3*k + i*x + 32, k - 3*x = 24. What is the highest common factor of k and 84?
12
Let w be (-4)/(-3)*(4 - 7). Let a be 4/((-1)/(2/w)). Suppose 3*p - 80 = -a*p. Calculate the highest common divisor of 24 and p.
8
Let p(t) = -81*t - 48. Let q(a) = 5*a + 3. Let s(o) = -2*p(o) - 33*q(o). Let z be s(-11). What is the greatest common divisor of z and 15?
15
Let o be 658/5 + 14/35. Calculate the greatest common divisor of o and 33.
33
Suppose -3*v + 20 = n, -6*n + 3*v + 36 = -3*n. Let h = -129 + 199. Calculate the greatest common divisor of h and n.
14
Suppose -72*i = -69*i - 6. Let c = -5 - -7. What is the greatest common factor of i and c?
2
Suppose 23 = 3*s - 5*z, -5*s - 5*z = 16 - 1. Let n be (s/(-2))/((-2)/24). What is the highest common divisor of n and 24?
6
Let g(i) = i**2 + 17*i + 33. Let t be g(-16). What is the greatest common divisor of t and 51?
17
Let z(f) be the second derivative of -f**3/6 + f**2 - 4*f. Let m be z(3). Let q be (-1 + 3 - m) + 0. Calculate the highest common factor of 21 and q.
3
Let q be (-16)/8 - (-1 - -1). Let m be (q - 1) + 0 + -5. Let c(j) = -3*j - 3. Let i be c(m). Calculate the highest common factor of 189 and i.
21
Let d be ((-143)/(-3))/((-2)/(-6)). Suppose -22 = -2*j + 4. Calculate the greatest common divisor of d and j.
13
Suppose l - 3 = 4*q + 4*l, 20 = -4*l. Suppose 0 = q*j - j - 10. Let o be (10/4)/((-2)/(-4)). Calculate the highest common factor of o and j.
5
Let g be (-3 + 5)*(-18)/(-4). What is t